{"id":97,"date":"2020-12-03T15:33:28","date_gmt":"2020-12-03T15:33:28","guid":{"rendered":"https:\/\/drets-sexuals-i-reproductius.lassociacio.org\/informe2020\/?page_id=97"},"modified":"2020-12-09T22:03:58","modified_gmt":"2020-12-09T22:03:58","slug":"trebsex","status":"publish","type":"page","link":"https:\/\/drets-sexuals-i-reproductius.lassociacio.org\/informe2020\/trebsex\/","title":{"rendered":"#2 Acc\u00e9s a la Salut Sexual i Reproductiva per a les treballadores sexuals"},"content":{"rendered":"\t\t<div data-elementor-type=\"wp-page\" data-elementor-id=\"97\" class=\"elementor elementor-97\" data-elementor-settings=\"[]\">\n\t\t\t\t\t\t<div class=\"elementor-inner\">\n\t\t\t\t\t\t\t<div class=\"elementor-section-wrap\">\n\t\t\t\t\t\t\t<section class=\"elementor-section elementor-top-section elementor-element elementor-element-19e92064 elementor-section-full_width elementor-section-height-min-height elementor-section-items-stretch elementor-section-height-default\" data-id=\"19e92064\" data-element_type=\"section\">\n\t\t\t\t\t\t<div class=\"elementor-container elementor-column-gap-default\">\n\t\t\t\t\t\t\t<div class=\"elementor-row\">\n\t\t\t\t\t<div class=\"elementor-column elementor-col-50 elementor-top-column elementor-element elementor-element-2ee458d4\" data-id=\"2ee458d4\" data-element_type=\"column\">\n\t\t\t<div class=\"elementor-column-wrap elementor-element-populated\">\n\t\t\t\t\t\t\t<div class=\"elementor-widget-wrap\">\n\t\t\t\t\t\t<div class=\"elementor-element elementor-element-9bad041 elementor-widget elementor-widget-spacer\" data-id=\"9bad041\" data-element_type=\"widget\" data-widget_type=\"spacer.default\">\n\t\t\t\t<div class=\"elementor-widget-container\">\n\t\t\t\t\t<div class=\"elementor-spacer\">\n\t\t\t<div class=\"elementor-spacer-inner\"><\/div>\n\t\t<\/div>\n\t\t\t\t<\/div>\n\t\t\t\t<\/div>\n\t\t\t\t<div class=\"elementor-element elementor-element-8dafabd elementor-headline--style-highlight elementor-widget elementor-widget-animated-headline\" data-id=\"8dafabd\" data-element_type=\"widget\" data-settings=\"{&quot;highlighted_text&quot;:&quot;Acc\\u00e9s &quot;,&quot;headline_style&quot;:&quot;highlight&quot;,&quot;marker&quot;:&quot;circle&quot;}\" data-widget_type=\"animated-headline.default\">\n\t\t\t\t<div class=\"elementor-widget-container\">\n\t\t\t\t\t<h3 class=\"elementor-headline\">\n\t\t\t\t\t\t\t<span class=\"elementor-headline-plain-text elementor-headline-text-wrapper\">#2<\/span>\n\t\t\t\t\t\t<span class=\"elementor-headline-dynamic-wrapper elementor-headline-text-wrapper\"><\/span>\n\t\t\t\t\t\t\t<span class=\"elementor-headline-plain-text elementor-headline-text-wrapper\">a la Salut Sexual i Reproductiva per a les treballadores sexuals<\/span>\n\t\t\t\t\t<\/h3>\n\t\t\t\t<\/div>\n\t\t\t\t<\/div>\n\t\t\t\t<div class=\"elementor-element elementor-element-7b0cf773 elementor-widget elementor-widget-text-editor\" data-id=\"7b0cf773\" data-element_type=\"widget\" data-widget_type=\"text-editor.default\">\n\t\t\t\t<div class=\"elementor-widget-container\">\n\t\t\t\t\t<div class=\"elementor-text-editor elementor-clearfix\"><p class=\"p1\">Les dificultats en l\u2019acc\u00e9s a la Salut Sexual i Reproductiva durant el per\u00edode de confinament s\u2019han vist agreujades per a tothom, per\u00f2 sobretot per a les treballadores sexuals i les dones que es troben en situaci\u00f3 de prostituci\u00f3 for\u00e7ada. Diferents col\u00b7lectius ha denunciat les dificultats en l\u2019acc\u00e9s a l\u2019atenci\u00f3 presencial, en la disminuci\u00f3 dels serveis i el nombre de professionals disponibles, en la reducci\u00f3 de proves de seguiment, en la manca de controls peri\u00f2dics i tamb\u00e9 en l\u2019ajornament de determinades intervencions ginecol\u00f2giques.<\/p><p class=\"p1\">S\u00f3n dones que han viscut en primera persona l\u2019agreujament de les limitacions que abans ja suposaven un repte, com un domini nul o baix de l\u2019idioma,\u00a0 la manca de recursos econ\u00f2mics o l\u2019escletxa digital.<\/p><\/div>\n\t\t\t\t<\/div>\n\t\t\t\t<\/div>\n\t\t\t\t<div class=\"elementor-element elementor-element-7a3fe83 elementor-widget elementor-widget-spacer\" data-id=\"7a3fe83\" data-element_type=\"widget\" data-widget_type=\"spacer.default\">\n\t\t\t\t<div class=\"elementor-widget-container\">\n\t\t\t\t\t<div class=\"elementor-spacer\">\n\t\t\t<div class=\"elementor-spacer-inner\"><\/div>\n\t\t<\/div>\n\t\t\t\t<\/div>\n\t\t\t\t<\/div>\n\t\t\t\t\t\t<\/div>\n\t\t\t\t\t<\/div>\n\t\t<\/div>\n\t\t\t\t<div class=\"elementor-column elementor-col-50 elementor-top-column elementor-element elementor-element-224a21e\" data-id=\"224a21e\" data-element_type=\"column\" data-settings=\"{&quot;background_background&quot;:&quot;classic&quot;}\">\n\t\t\t<div class=\"elementor-column-wrap elementor-element-populated\">\n\t\t\t\t\t\t\t<div class=\"elementor-widget-wrap\">\n\t\t\t\t\t\t<div class=\"elementor-element elementor-element-77b60268 elementor-widget elementor-widget-spacer\" data-id=\"77b60268\" data-element_type=\"widget\" data-widget_type=\"spacer.default\">\n\t\t\t\t<div class=\"elementor-widget-container\">\n\t\t\t\t\t<div class=\"elementor-spacer\">\n\t\t\t<div class=\"elementor-spacer-inner\"><\/div>\n\t\t<\/div>\n\t\t\t\t<\/div>\n\t\t\t\t<\/div>\n\t\t\t\t\t\t<\/div>\n\t\t\t\t\t<\/div>\n\t\t<\/div>\n\t\t\t\t\t\t\t\t<\/div>\n\t\t\t\t\t<\/div>\n\t\t<\/section>\n\t\t\t\t<section class=\"elementor-section elementor-top-section elementor-element elementor-element-2fe5afa1 elementor-section-boxed elementor-section-height-default elementor-section-height-default\" data-id=\"2fe5afa1\" data-element_type=\"section\">\n\t\t\t\t\t\t<div class=\"elementor-container elementor-column-gap-default\">\n\t\t\t\t\t\t\t<div class=\"elementor-row\">\n\t\t\t\t\t<div class=\"elementor-column elementor-col-100 elementor-top-column elementor-element elementor-element-9e87734\" data-id=\"9e87734\" data-element_type=\"column\">\n\t\t\t<div class=\"elementor-column-wrap elementor-element-populated\">\n\t\t\t\t\t\t\t<div class=\"elementor-widget-wrap\">\n\t\t\t\t\t\t<div class=\"elementor-element elementor-element-3333ac35 elementor-widget elementor-widget-heading\" data-id=\"3333ac35\" data-element_type=\"widget\" data-widget_type=\"heading.default\">\n\t\t\t\t<div class=\"elementor-widget-container\">\n\t\t\t<h2 class=\"elementor-heading-title elementor-size-default\">Posar El Cos<\/h2>\t\t<\/div>\n\t\t\t\t<\/div>\n\t\t\t\t<section class=\"elementor-section elementor-inner-section elementor-element elementor-element-9a48bf5 elementor-section-full_width elementor-section-height-default elementor-section-height-default\" data-id=\"9a48bf5\" data-element_type=\"section\">\n\t\t\t\t\t\t<div class=\"elementor-container elementor-column-gap-default\">\n\t\t\t\t\t\t\t<div class=\"elementor-row\">\n\t\t\t\t\t<div class=\"elementor-column elementor-col-100 elementor-inner-column elementor-element elementor-element-fa03764\" data-id=\"fa03764\" data-element_type=\"column\">\n\t\t\t<div class=\"elementor-column-wrap elementor-element-populated\">\n\t\t\t\t\t\t\t<div class=\"elementor-widget-wrap\">\n\t\t\t\t\t\t<div class=\"elementor-element elementor-element-a43b4f8 elementor-widget elementor-widget-text-editor\" data-id=\"a43b4f8\" data-element_type=\"widget\" data-widget_type=\"text-editor.default\">\n\t\t\t\t<div class=\"elementor-widget-container\">\n\t\t\t\t\t<div class=\"elementor-text-editor elementor-clearfix\"><p class=\"p1\"><span class=\"s1\"><strong>\u00c9s un fet que les crisis sanit\u00e0ries no afecten per igual als diferents sectors de la poblaci\u00f3.<\/strong> Per aix\u00f2, les conseq\u00fc\u00e8ncies de la pand\u00e8mia originades per la COVID-19 requereixen una an\u00e0lisi diversa, que considerin les seq\u00fceles a mig i llarg termini. El nostre sistema sanitari no ha seguit aquesta l\u00f2gica i ha patit grans canvis per orientar-se principalment a cobrir nom\u00e9s les necessitats d\u2019atenci\u00f3 urgent de les persones afectades pel virus SARS-CoV-2, no prioritzant els serveis d\u2019atenci\u00f3 a les dones i les seves necessitats en l\u2019atenci\u00f3 hospital\u00e0ria i darrerament impactant de ple i col\u00b7lapsant l\u2019atenci\u00f3 prim\u00e0ria.<\/span><\/p><p class=\"p1\"><span class=\"s1\">Aix\u00f2 s\u2019ha concretat en <strong>dificultats en l\u2019acc\u00e9s a l\u2019atenci\u00f3 presencial, en la disminuci\u00f3 dels serveis i el nombre de professionals disponibles, en la reducci\u00f3 de proves de seguiment, en la manca de controls peri\u00f2dics i tamb\u00e9 en l\u2019apla\u00e7ament de determinades<\/strong> <strong>intervencions ginecol\u00f2giques.<\/strong> Aquests fets, sens dubte estan tenint una gran repercussi\u00f3 sobre la salut sexual i reproductiva de totes les dones, per\u00f2 especialment en les treballadores sexuals i en les dones que es troben en situaci\u00f3 de prostituci\u00f3 for\u00e7ada.<\/span><\/p><p class=\"p1\"><span class=\"s1\"><span style=\"text-decoration: underline;\">La disminuci\u00f3 de les visites presencials i la prioritzaci\u00f3 de l\u2019atenci\u00f3 telef\u00f2nica o les video-trucades suposen un gran escull, en especial, per l\u2019atenci\u00f3 de dones que han ingressat fa poc al sistema sanitari.<\/span> Altres factors que agreugen encara m\u00e9s aquesta situaci\u00f3 tenen a veure amb limitacions que abans ja suposaven un repte, com un <strong>domini nul o baix de l\u2019idioma, la manca de recursos econ\u00f2mics, la bretxa digital i, les dificultats per tenir una relaci\u00f3 de confian\u00e7a amb les professionals<\/strong> que es troben a l\u2019altra banda de l\u2019auricular. <\/span><\/p><p class=\"p1\"><span class=\"s1\">Un altre aspecte a tenir en consideraci\u00f3 \u00e9s la <span style=\"text-decoration: underline;\">precarietat laboral<\/span>, entre d\u2019<\/span><span class=\"s1\">altres eixos de desigualtat que les travessen, que ha sofert un dr\u00e0stic increment en l\u2019actual context de crisi. Aquest fet, est\u00e0 deixant a les dones que treballen en aquests sectors m\u00e9s precaritzats, <strong>com s\u00f3n les treballadores sexuals, en una situaci\u00f3 particularment vulnerable.<\/strong> I molt especialment les que es troben en situaci\u00f3 administrativa irregular i les que no disposen de targeta sanit\u00e0ria ni de cap altre tipus de cobertura sanit\u00e0ria o social. El treball sexual suposa, per la majoria d\u2019elles, la seva font principal d\u2019ingressos i, per tant, la impossibilitat de treballar, la disminuci\u00f3 i\/o la manca de clients i l\u2019empitjorament de les condicions de treball les exposa a un major nombre de riscos que sens dubte impacten en la seva salut i especialment en la seva salut sexual.<\/span><\/p><\/div>\n\t\t\t\t<\/div>\n\t\t\t\t<\/div>\n\t\t\t\t<div class=\"elementor-element elementor-element-eb5dbb1 elementor-blockquote--skin-quotation elementor-blockquote--button-view-icon-text elementor-blockquote--button-skin-classic elementor-blockquote--button-color-official elementor-widget elementor-widget-blockquote\" data-id=\"eb5dbb1\" data-element_type=\"widget\" data-widget_type=\"blockquote.default\">\n\t\t\t\t<div class=\"elementor-widget-container\">\n\t\t\t\t\t<blockquote class=\"elementor-blockquote\">\n\t\t\t<p class=\"elementor-blockquote__content\">\n\t\t\t\tL\u2019abordatge d\u2019aquestes q\u00fcestions \u00e9s clau en la promoci\u00f3 i la cura de la salut i en la lluita contra l\u2019estigma que est\u00e0 associat a l\u2019exercici del treball sexual.\t\t\t<\/p>\n\t\t\t\t\t\t\t<footer>\n\t\t\t\t\t\t\t\t\t\t\t<cite class=\"elementor-blockquote__author\">Merc\u00e8 Mero\u00f1o<\/cite>\n\t\t\t\t\t\t\t\t\t\t\t\t\t\t\t\t<a href=\"https:\/\/twitter.com\/intent\/tweet?text=L%E2%80%99abordatge+d%E2%80%99aquestes+q%C3%BCestions+%C3%A9s+clau+en+la+promoci%C3%B3+i+la+cura+de+la+salut+i+en+la+lluita+contra+l%E2%80%99estigma+que+est%C3%A0+associat+a+l%E2%80%99exercici+del+treball+sexual.+%E2%80%94+Merc%C3%A8+Mero%C3%B1o&amp;url=https%3A%2F%2Fdrets-sexuals-i-reproductius.lassociacio.org%2Finforme2020%2Finforme2020%2Fwp-json%2Fwp%2Fv2%2Fpages%2F97\" class=\"elementor-blockquote__tweet-button\" target=\"_blank\">\n\t\t\t\t\t\t\t\t\t\t\t\t\t\t\t<i aria-hidden=\"true\" class=\"fab fa-twitter\"><\/i>\t\t\t\t\t\t\t\t\t\t\t\t\t\t\t\t\t\t\t\t\t\t\t\t\t\t\t\t\t\t<span class=\"elementor-blockquote__tweet-label\">Tweet<\/span>\n\t\t\t\t\t\t\t\t\t\t\t\t\t<\/a>\n\t\t\t\t\t\t\t\t\t<\/footer>\n\t\t\t\t\t<\/blockquote>\n\t\t\t\t<\/div>\n\t\t\t\t<\/div>\n\t\t\t\t<div class=\"elementor-element elementor-element-bb2ed65 elementor-widget elementor-widget-spacer\" data-id=\"bb2ed65\" data-element_type=\"widget\" data-widget_type=\"spacer.default\">\n\t\t\t\t<div class=\"elementor-widget-container\">\n\t\t\t\t\t<div class=\"elementor-spacer\">\n\t\t\t<div class=\"elementor-spacer-inner\"><\/div>\n\t\t<\/div>\n\t\t\t\t<\/div>\n\t\t\t\t<\/div>\n\t\t\t\t<div class=\"elementor-element elementor-element-e048607 elementor-widget elementor-widget-spacer\" data-id=\"e048607\" data-element_type=\"widget\" data-widget_type=\"spacer.default\">\n\t\t\t\t<div class=\"elementor-widget-container\">\n\t\t\t\t\t<div class=\"elementor-spacer\">\n\t\t\t<div class=\"elementor-spacer-inner\"><\/div>\n\t\t<\/div>\n\t\t\t\t<\/div>\n\t\t\t\t<\/div>\n\t\t\t\t\t\t<\/div>\n\t\t\t\t\t<\/div>\n\t\t<\/div>\n\t\t\t\t\t\t\t\t<\/div>\n\t\t\t\t\t<\/div>\n\t\t<\/section>\n\t\t\t\t<div class=\"elementor-element elementor-element-bac929f elementor-aspect-ratio-169 elementor-widget elementor-widget-video\" data-id=\"bac929f\" data-element_type=\"widget\" data-settings=\"{&quot;aspect_ratio&quot;:&quot;169&quot;}\" data-widget_type=\"video.default\">\n\t\t\t\t<div class=\"elementor-widget-container\">\n\t\t\t\t\t<div class=\"elementor-wrapper elementor-fit-aspect-ratio elementor-open-inline\">\n\t\t\t<iframe class=\"elementor-video-iframe\" allowfullscreen title=\"Reproductor de v\u00eddeo youtube\" src=\"https:\/\/www.youtube.com\/embed\/6oRKinELpRI?feature=oembed&amp;autoplay=1&amp;playlist=6oRKinELpRI&amp;wmode=opaque&amp;loop=1&amp;controls=1&amp;mute=0&amp;rel=0&amp;modestbranding=0\"><\/iframe>\t\t<\/div>\n\t\t\t\t<\/div>\n\t\t\t\t<\/div>\n\t\t\t\t<section class=\"elementor-section elementor-inner-section elementor-element elementor-element-a37311e elementor-section-full_width elementor-section-height-default elementor-section-height-default\" data-id=\"a37311e\" data-element_type=\"section\">\n\t\t\t\t\t\t<div class=\"elementor-container elementor-column-gap-default\">\n\t\t\t\t\t\t\t<div class=\"elementor-row\">\n\t\t\t\t\t<div class=\"elementor-column elementor-col-100 elementor-inner-column elementor-element elementor-element-be1d64b\" data-id=\"be1d64b\" data-element_type=\"column\">\n\t\t\t<div class=\"elementor-column-wrap elementor-element-populated\">\n\t\t\t\t\t\t\t<div class=\"elementor-widget-wrap\">\n\t\t\t\t\t\t<div class=\"elementor-element elementor-element-150c05a elementor-widget elementor-widget-text-editor\" data-id=\"150c05a\" data-element_type=\"widget\" data-widget_type=\"text-editor.default\">\n\t\t\t\t<div class=\"elementor-widget-container\">\n\t\t\t\t\t<div class=\"elementor-text-editor elementor-clearfix\"><p class=\"p1\">Totes les activitats laborals presenten una s\u00e8rie de caracter\u00edstiques i el treball sexual no \u00e9s una excepci\u00f3. Les dones treballadores sexuals tenen m\u00faltiples parelles sexuals i, per tant, m\u00faltiples relacions sexuals amb modalitats diverses (orals, vaginals i anals), moltes vinculades a les relacions amb els seus clients, per\u00f2 tamb\u00e9 d\u2019altres on no existeix la remuneraci\u00f3 econ\u00f2mica i que formen part de les seves relacions personals.<\/p><p class=\"p1\"><span class=\"s1\"><b>Quin ser\u00e0 l\u2019impacte de l\u2019allunyament d\u2019aquest col\u00b7lectiu dels serveis assistencials? <\/b><\/span><\/p><p class=\"p1\"><span class=\"s1\"><span style=\"text-decoration: underline;\">Sovint la manca de dades espec\u00edfiques sobre aquest col\u00b7lectiu de dones invisibilitza la seva realitat i les seves demandes.<\/span> La monitoritzaci\u00f3 dels canvis que es produeixin en la seva salut sexual amb dades fiables ens ajudar\u00e0 a preveure situacions i a actuar de manera m\u00e9s eficient. \u00c9s per aix\u00f2 important comentar algunes dades que destaquen en l\u2019estudi de prevalen\u00e7a realitzat en el 2018, sobre els factors de vulnerabilitat enfront el VIH i altres ITS en una mostra de 400 treballadores sexuals de Catalunya. En aquest estudi s\u2019han obtingut dades sobre l\u2019exercici del treball, tipologia de les seves pr\u00e0ctiques sexuals, dades sobre salut sexual i l\u2019\u00fas i acc\u00e9s als recursos sanitaris. <\/span><\/p><p class=\"p1\"><span class=\"s1\">Les dones entrevistades en l\u2019estudi manifestaven treballar di\u00e0riament (32%), amb una mitjana setmanal de 12 clients. Contactaven en un alt percentatge en l\u2019espai p\u00fablic (36,5%) i en pisos i <i>meubl\u00e9s<\/i> (44%). La utilitzaci\u00f3 \u201csempre\u201d del preservatiu es vinculava tant al tipus de pr\u00e0ctica com al tipus de parella sexual, habitual, client fix o l\u2019espor\u00e0dic, sent amb aquest darrer la utilitzaci\u00f3 m\u00e9s elevada (96%) en les relacions de penetraci\u00f3 vaginal. Cal assenyalar que entre els motius per no utilitzar-lo \u201csempre\u201d tenien a veure amb la pressi\u00f3 exercida pel client o per q\u00fcestions econ\u00f2miques. <strong>Un 60% de les dones manifestaven haver tingut un trencament de preservatiu en els darrer sis mesos i un 7% una interrupci\u00f3 volunt\u00e0ria d\u2019embar\u00e0s en el darrer any. <\/strong><\/span><\/p><p class=\"p1\"><span class=\"s1\">Un 19% havien patit relacions sexuals for\u00e7ades alguna vegada a la vida, per desconeguts (37%), clients (33%) i parella (16%), dades que indiquen l\u2019elevat risc d\u2019exposici\u00f3 al que una part important de les treballadores sexuals es troba exposada. <\/span><\/p><p class=\"p1\"><span class=\"s1\">Altres dades de l\u2019estudi tenen a veure amb la vinculaci\u00f3 d\u2019aquestes dones als serveis de salut i comunitaris i resultats d\u2019algunes proves sobre infeccions de transmissi\u00f3 sexual. <strong>Un 79% s\u2019havien realitzat una revisi\u00f3 ginecol\u00f2gica en el darrers 12 mesos.<\/strong> <strong>Respecte a la utilitzaci\u00f3 de serveis sanitaris en els darrers 6 mesos, un 64% havien utilitzat l\u2019atenci\u00f3 prim\u00e0ria i un 26% l\u2019hospital\u00e0ria.<\/strong> <span style=\"text-decoration: underline;\">Un 7% tenien vinculaci\u00f3 amb entitats comunit\u00e0ries i en el mateix percentatge disposaven de Targeta Sanitaria Individual (TSI).<\/span> Segons l\u2019an\u00e0lisi de les mostres biol\u00f2giques realitzades tamb\u00e9 en l\u2019estudi esmentat, es va trobar que un 3% eren resultats positius al VIH, un 2% en clam\u00eddia i un 0,5 en gonorrea.<\/span><\/p><p class=\"p1\"><span class=\"s1\">Aquestes dades mostren la realitat d\u2019un gran nombre de dones treballadores sexuals del nostre entorn i la import\u00e0ncia que tenen els serveis comunitaris i d\u2019atenci\u00f3 a la salut. <strong>Especialment el paper que juga l\u2019atenci\u00f3 prim\u00e0ria en la detecci\u00f3 i el manteniment de la seva salut sexual<\/strong>, donada l\u2019elevada exposici\u00f3 a situacions que poden augmentar el risc de contraure infeccions de transmissi\u00f3 sexual i d\u2019altres que se\u2019n deriven del trencament de preservatius i\/o situacions originades amb la relaci\u00f3 amb el client i altres parelles; la seva situaci\u00f3 de necessitat econ\u00f2mica, i l\u2019elevat patiment d\u2019agressions sexuals, segons<span class=\"Apple-converted-space\">\u00a0 <\/span>les dades anteriorment citades de l\u2019estudi. <\/span><\/p><p class=\"p1\"><span class=\"s1\"><strong>Les estrat\u00e8gies de promoci\u00f3 i prevenci\u00f3 s\u00f3n indispensables, i la seva sostenibilitat en el temps, fonamental.<\/strong> Altres actuacions enfocades a l\u2019eliminaci\u00f3 de barreres d\u2019acc\u00e9s al sistema p\u00fablic, que van des de l\u2019acompanyament a la mediaci\u00f3 amb els recursos assistencials i o professionals d\u2019atenci\u00f3, tamb\u00e9 s\u00f3n essencials per l\u2019efectiva <\/span> <span class=\"s1\">consideraci\u00f3 de les treballadores sexuals com a subjectes de drets.<\/span><\/p><\/div>\n\t\t\t\t<\/div>\n\t\t\t\t<\/div>\n\t\t\t\t<div class=\"elementor-element elementor-element-7437be3 elementor-blockquote--skin-quotation elementor-blockquote--align-left elementor-blockquote--button-view-icon-text elementor-blockquote--button-skin-classic elementor-blockquote--button-color-official elementor-widget elementor-widget-blockquote\" data-id=\"7437be3\" data-element_type=\"widget\" data-widget_type=\"blockquote.default\">\n\t\t\t\t<div class=\"elementor-widget-container\">\n\t\t\t\t\t<blockquote class=\"elementor-blockquote\">\n\t\t\t<p class=\"elementor-blockquote__content\">\n\t\t\t\tLes treballadores sexuals formen part d\u2019un dels grups de dones que estan m\u00e9s exposades a la COVID-19 i, tenint en compte la naturalesa del treball que realitzen, han esdevingut en les grans oblidades de les recomanacions de les autoritats sanit\u00e0ries del pa\u00eds. A mig i llarg termini, ens queden per resoldre molts interrogants.\t\t\t<\/p>\n\t\t\t\t\t\t\t<footer>\n\t\t\t\t\t\t\t\t\t\t\t<cite class=\"elementor-blockquote__author\">Merc\u00e8 Mero\u00f1o<\/cite>\n\t\t\t\t\t\t\t\t\t\t\t\t\t\t\t\t<a href=\"https:\/\/twitter.com\/intent\/tweet?text=Les+treballadores+sexuals+formen+part+d%E2%80%99un+dels+grups+de+dones+que+estan+m%C3%A9s+exposades+a+la+COVID-19+i%2C+tenint+en+compte+la+naturalesa+del+treball+que+realitzen%2C+han+esdevingut+en+les+grans+oblidades+de+les+recomanacions+de+les+autoritats+sanit%C3%A0ries+del+pa%C3%ADs.+A+mig+i+llarg+termini%2C+ens+queden+per+resoldre+molts+interrogants.+%E2%80%94+Merc%C3%A8+Mero%C3%B1o&amp;url=https%3A%2F%2Fdrets-sexuals-i-reproductius.lassociacio.org%2Finforme2020%2Finforme2020%2Fwp-json%2Fwp%2Fv2%2Fpages%2F97&amp;via=lobservatoridsr\" class=\"elementor-blockquote__tweet-button\" target=\"_blank\">\n\t\t\t\t\t\t\t\t\t\t\t\t\t\t\t<i aria-hidden=\"true\" class=\"fab fa-twitter\"><\/i>\t\t\t\t\t\t\t\t\t\t\t\t\t\t\t\t\t\t\t\t\t\t\t\t\t\t\t\t\t\t<span class=\"elementor-blockquote__tweet-label\">Tweet<\/span>\n\t\t\t\t\t\t\t\t\t\t\t\t\t<\/a>\n\t\t\t\t\t\t\t\t\t<\/footer>\n\t\t\t\t\t<\/blockquote>\n\t\t\t\t<\/div>\n\t\t\t\t<\/div>\n\t\t\t\t<div class=\"elementor-element elementor-element-1315fa0 elementor-widget elementor-widget-text-editor\" data-id=\"1315fa0\" data-element_type=\"widget\" data-widget_type=\"text-editor.default\">\n\t\t\t\t<div class=\"elementor-widget-container\">\n\t\t\t\t\t<div class=\"elementor-text-editor elementor-clearfix\"><p>\u00a0<\/p><p class=\"p1\"><span class=\"s1\">Les dones m\u00e9s prec\u00e0ries, les racialitzades, les que es troben en situaci\u00f3 administrativa irregular presentaran un major impacte de les conseq\u00fc\u00e8ncies de la reducci\u00f3 d\u2019atenci\u00f3 provocades per la COVID19? Augmentaran el nombre d\u2019interrupcions d\u2019embar\u00e0s amb m\u00e8todes alternatius no segurs que posen en perill la salut de les dones? S\u2019incrementaran les incid\u00e8ncies de VIH i altres ITS? Augmentar\u00e0 el percentatge de dones que presenten episodis de viol\u00e8ncia per part de les seves parelles i\/o clients i no poden ser ateses per la manca de vinculaci\u00f3 a serveis especialitzats de detecci\u00f3 i seguiment? Quin ha estat l\u2019acc\u00e9s a la Profilaxis Post Exposici\u00f3 i a la Post-coital per part de les treballadores sexuals?<\/span><\/p><p class=\"p1\"><strong><span class=\"s1\">Avancem algunes possibles respostes. Aquesta nova situaci\u00f3 provocar\u00e0 sens dubte l&#8217;augment de les taxes d&#8217;embar\u00e0s no desitjats, de VIH i d\u2019altres malalties de transmissi\u00f3 sexual, entre d\u2019altres, i pert tant cal obrir un debat sobre mesures eficients, adaptades a les necessitats actuals de les dones treballadores sexuals.<\/span><\/strong><\/p><\/div>\n\t\t\t\t<\/div>\n\t\t\t\t<\/div>\n\t\t\t\t<div class=\"elementor-element elementor-element-8124168 elementor-widget elementor-widget-text-editor\" data-id=\"8124168\" data-element_type=\"widget\" data-widget_type=\"text-editor.default\">\n\t\t\t\t<div class=\"elementor-widget-container\">\n\t\t\t\t\t<div class=\"elementor-text-editor elementor-clearfix\"><p class=\"p1\">\u00a0<\/p><p class=\"p1\"><em><strong><span class=\"s1\">Merc\u00e8 Mero\u00f1o. P<\/span>sic\u00f2loga. M\u00e0ster en Salut P\u00fablica. Presidenta Fundaci\u00f3 \u00c0mbit Prevenci\u00f3.<\/strong><\/em><\/p><\/div>\n\t\t\t\t<\/div>\n\t\t\t\t<\/div>\n\t\t\t\t<div class=\"elementor-element elementor-element-9814be6 elementor-widget elementor-widget-spacer\" data-id=\"9814be6\" data-element_type=\"widget\" data-widget_type=\"spacer.default\">\n\t\t\t\t<div class=\"elementor-widget-container\">\n\t\t\t\t\t<div class=\"elementor-spacer\">\n\t\t\t<div class=\"elementor-spacer-inner\"><\/div>\n\t\t<\/div>\n\t\t\t\t<\/div>\n\t\t\t\t<\/div>\n\t\t\t\t<div class=\"elementor-element elementor-element-b33f227 elementor-widget elementor-widget-spacer\" data-id=\"b33f227\" data-element_type=\"widget\" data-widget_type=\"spacer.default\">\n\t\t\t\t<div class=\"elementor-widget-container\">\n\t\t\t\t\t<div class=\"elementor-spacer\">\n\t\t\t<div class=\"elementor-spacer-inner\"><\/div>\n\t\t<\/div>\n\t\t\t\t<\/div>\n\t\t\t\t<\/div>\n\t\t\t\t\t\t<\/div>\n\t\t\t\t\t<\/div>\n\t\t<\/div>\n\t\t\t\t\t\t\t\t<\/div>\n\t\t\t\t\t<\/div>\n\t\t<\/section>\n\t\t\t\t\t\t<\/div>\n\t\t\t\t\t<\/div>\n\t\t<\/div>\n\t\t\t\t\t\t\t\t<\/div>\n\t\t\t\t\t<\/div>\n\t\t<\/section>\n\t\t\t\t\t\t<\/div>\n\t\t\t\t\t\t<\/div>\n\t\t\t\t\t<\/div>\n\t\t","protected":false},"excerpt":{"rendered":"<p>#2 a la Salut Sexual i Reproductiva per a les treballadores sexuals Les dificultats en l\u2019acc\u00e9s a la Salut Sexual i Reproductiva durant el per\u00edode de confinament s\u2019han vist agreujades per a tothom, per\u00f2 sobretot per a les treballadores sexuals i les dones que es troben en situaci\u00f3 de prostituci\u00f3 for\u00e7ada. Diferents col\u00b7lectius ha denunciat [&hellip;]<\/p>\n","protected":false},"author":2,"featured_media":0,"parent":0,"menu_order":0,"comment_status":"closed","ping_status":"closed","template":"elementor_header_footer","meta":[],"_links":{"self":[{"href":"https:\/\/drets-sexuals-i-reproductius.lassociacio.org\/informe2020\/wp-json\/wp\/v2\/pages\/97"}],"collection":[{"href":"https:\/\/drets-sexuals-i-reproductius.lassociacio.org\/informe2020\/wp-json\/wp\/v2\/pages"}],"about":[{"href":"https:\/\/drets-sexuals-i-reproductius.lassociacio.org\/informe2020\/wp-json\/wp\/v2\/types\/page"}],"author":[{"embeddable":true,"href":"https:\/\/drets-sexuals-i-reproductius.lassociacio.org\/informe2020\/wp-json\/wp\/v2\/users\/2"}],"replies":[{"embeddable":true,"href":"https:\/\/drets-sexuals-i-reproductius.lassociacio.org\/informe2020\/wp-json\/wp\/v2\/comments?post=97"}],"version-history":[{"count":22,"href":"https:\/\/drets-sexuals-i-reproductius.lassociacio.org\/informe2020\/wp-json\/wp\/v2\/pages\/97\/revisions"}],"predecessor-version":[{"id":298,"href":"https:\/\/drets-sexuals-i-reproductius.lassociacio.org\/informe2020\/wp-json\/wp\/v2\/pages\/97\/revisions\/298"}],"wp:attachment":[{"href":"https:\/\/drets-sexuals-i-reproductius.lassociacio.org\/informe2020\/wp-json\/wp\/v2\/media?parent=97"}],"curies":[{"name":"wp","href":"https:\/\/api.w.org\/{rel}","templated":true}]}}