{"id":3,"date":"2020-10-06T18:39:45","date_gmt":"2020-10-06T18:39:45","guid":{"rendered":"https:\/\/drets-sexuals-i-reproductius.lassociacio.org\/informe2020\/?page_id=3"},"modified":"2020-12-01T16:02:57","modified_gmt":"2020-12-01T16:02:57","slug":"politicaprivacitat","status":"publish","type":"page","link":"https:\/\/drets-sexuals-i-reproductius.lassociacio.org\/informe2020\/politicaprivacitat\/","title":{"rendered":"Pol\u00edtica de privacidad"},"content":{"rendered":"\t\t<div data-elementor-type=\"wp-page\" data-elementor-id=\"3\" class=\"elementor elementor-3\" data-elementor-settings=\"[]\">\n\t\t\t\t\t\t<div class=\"elementor-inner\">\n\t\t\t\t\t\t\t<div class=\"elementor-section-wrap\">\n\t\t\t\t\t\t\t<section class=\"elementor-section elementor-top-section elementor-element elementor-element-191e81f6 elementor-section-boxed elementor-section-height-default elementor-section-height-default\" data-id=\"191e81f6\" data-element_type=\"section\">\n\t\t\t\t\t\t<div class=\"elementor-container elementor-column-gap-default\">\n\t\t\t\t\t\t\t<div class=\"elementor-row\">\n\t\t\t\t\t<div class=\"elementor-column elementor-col-100 elementor-top-column elementor-element elementor-element-675dd774\" data-id=\"675dd774\" data-element_type=\"column\">\n\t\t\t<div class=\"elementor-column-wrap elementor-element-populated\">\n\t\t\t\t\t\t\t<div class=\"elementor-widget-wrap\">\n\t\t\t\t\t\t<div class=\"elementor-element elementor-element-b43d6d4 elementor-widget elementor-widget-spacer\" data-id=\"b43d6d4\" data-element_type=\"widget\" data-widget_type=\"spacer.default\">\n\t\t\t\t<div class=\"elementor-widget-container\">\n\t\t\t\t\t<div class=\"elementor-spacer\">\n\t\t\t<div class=\"elementor-spacer-inner\"><\/div>\n\t\t<\/div>\n\t\t\t\t<\/div>\n\t\t\t\t<\/div>\n\t\t\t\t<div class=\"elementor-element elementor-element-6d257271 elementor-widget elementor-widget-text-editor\" data-id=\"6d257271\" data-element_type=\"widget\" data-widget_type=\"text-editor.default\">\n\t\t\t\t<div class=\"elementor-widget-container\">\n\t\t\t\t\t<div class=\"elementor-text-editor elementor-clearfix\"><h1>Pol\u00edtica de Privacitat i Protecci\u00f3 de Dades.<\/h1>\n<p><br><\/p><p>La present pol\u00edtica de protecci\u00f3 de dades de car\u00e0cter personal regula el tractament de dades que realitza l\u2019Associaci\u00f3 de Planificaci\u00f3 Familiar de Catalunya i Balears (d\u2019ara endavant APFCIB).<\/p>\n<p>L\u2019APFCIB observa estrictament la legislaci\u00f3 actual en mat\u00e8ria de protecci\u00f3 de dades i, en especial, el Regalment (UE) 2016\/676 del Parlament Europeu i del Consell, de 27 d\u2019abril de 2016, relatiu a la protecci\u00f3 de les persones f\u00edsiques en relaci\u00f3 al tractament de dades de car\u00e0cter personal i a la lliure circulaci\u00f3 d\u2019aquestes.<\/p>\n<h2>1. Identitat de la responsable del tractament<\/h2>\n<p>La Responsable del tractament de les dades personals recollides \u00e9s la pr\u00f2pia APFCIB, les dades de la qual s\u00f3n:<\/p>\n<p><strong>ASSOCIACI\u00d3 DE PLANIFICACI\u00d3 FAMILIAR DE CATALUNYA I BALEARS<\/strong><\/p>\n<p>NIF. G08914475<\/p>\n<p>Pere Verg\u00e9s, 1, planta 10, despatx 1<\/p>\n<p>08020 Barcelona<\/p>\n<h2>2. Identitat del delegat de Protecci\u00f3 de Dades (DPO)<\/h2>\n<p>El Delegat de protecci\u00f3 de dades (DPO) \u00e9s el responsable que vetlla pel compliment diligent de la normativa de protecci\u00f3 de dades de car\u00e0cter personal. Pots contactar amb el DPO de l\u2019APFCIB dirigint-te per escrit a l\u2019adre\u00e7a de correu&nbsp;<a href=\"mailto:dpo.cliente@conversia.es\">dpo.cliente@conversia.es<\/a>&nbsp;o al tel\u00e9fono 902877192.<\/p>\n<h2>3. Finalitat del tractament de dades<\/h2>\n<p>Les dades que ens subministres per diferents mitjans (registre de formacions, pon\u00e8ncies, atenci\u00f3, formularis de contacte, newsletter, etc.) s\u00f3n recollides d\u2019acord amb all\u00f2 establert en la normativa vigent de protecci\u00f3 de dades de car\u00e0cter personal i incorporades a un fitxer sota la responsabilitat de l\u2019APFCIB amb la finalitat de poder atendre els compromisos generats per la relaci\u00f3 contractual que s\u2019estableixi i dins el marc leg\u00edtim de la mateixa.<\/p>\n<p>En cada situaci\u00f3 informem de la finalitat del tractament de les dades, aix\u00ed com d\u2019una descripci\u00f3 general de les mesures t\u00e8cniques i organitzatives de seguretat i dels terminis previstos per a la supressi\u00f3 de les diferents categories de dades, sempre que sigui possible. A m\u00e9s, l\u2019APFCIB es compromet a tractar les dades de manera l\u00edcita, lleial, transparent, adequada, pertinent, limitada, exacta i actualitzada, adoptant totes les mesures raonables per tal que es suprimeixin o rectifiquin sense dilaci\u00f3 quan siguin inexactes<\/p>\n<p>Ens subministres les dades de forma volunt\u00e0ria en tot moment, essent la base jur\u00eddica el teu consentiment expr\u00e9s, i per tant garanteixes que les dades personals facilitades son veraces, reservant-nos el dret a excloure dels serveis a tota persona que hagi facilitat dades falses, sense prejudici de la resta d\u2019accions que procedeixin en Dret.<\/p>\n<p>En cap cas es duran a terme decisions automatitzades a partir de les seves dades.<\/p>\n<p>\u00danicament es tractaran les dades que ens hagi donat per a la finalitat informada i autoritzada. No es far\u00e0 cessi\u00f3 de les seves dades a tercers, a excepci\u00f3 que ens ho hagis autoritzat expressament durant la recollida de dades.<\/p>\n<h2>4. Tractament de les seves dades per a tercers<\/h2>\n<p>Per a dur a terme les activitats i serveis de l\u2019APFCIB fem \u00fas de serveis (enviament de comunicacions, newsletter, etc.) que es troben allotjades en plataformes tecnol\u00f2giques d\u2019empreses dedicades a aquesta finalitat. Aquesta gesti\u00f3 de les dades es realitza \u00fanicament i exclusiva per a garantir la realitzaci\u00f3, seguretat i disponibilitat dels serveis que li oferim, garantint que aquestes empreses tecnol\u00f2giques aplicaran les mesures i millores pr\u00e0ctiques de seguretat de la informaci\u00f3.<\/p>\n<p>Tots els nostres prove\u00efdors de serveis es troben dins de l\u2019espai econ\u00f2mic europeu o en pa\u00efsos que garanteixen el nivell de compliment exigit per la legislaci\u00f3.<\/p>\n<p>No es transferiran les dades personals fora de l\u2019espai econ\u00f2mic europeu ni de pa\u00efsos que no tinguin un nivell de compliment similar o sense disposar de la seva autoritzaci\u00f3 expressa pr\u00e8via.<\/p>\n<p>En cas de ser estrictament necessari, es poden informar les dades a bancs i caixes, administracions p\u00fabliques i a totes aquelles entitats amb les que calgui la comunicaci\u00f3 amb la finalitat de complir amb la legislaci\u00f3 vigent o per donar compliment de les obligacions legals i fiscals. De tot aix\u00f2 es dona la deguda informaci\u00f3 a cada situaci\u00f3.<\/p>\n<h2>5. Els teus drets<\/h2>\n<p>Pot exercitar els teus drets d\u2019acc\u00e9s, rectificaci\u00f3, limitaci\u00f3 de tractament, supressi\u00f3, portabilitat i oposici\u00f3, dirigint la teva petici\u00f3 a l\u2019adre\u00e7a postal ASSOCIACI\u00d3 DE PLANIFICACI\u00d3 FAMILIAR DE CATALUNYA I BALEARS, Pere Verg\u00e9s, 1, 10-1, 08020 Barcelona o b\u00e9 mitjan\u00e7ant el correu electr\u00f2nic&nbsp;<a href=\"mailto:administracio@lassociacio.org\">administracio@lassociacio.org<\/a><\/p>\n<p>Aix\u00ed mateix, si consideres que el tractament de les teves dades personals vulnera la normativa o els teus drets de privacitat, pots presentar una reclamaci\u00f3 davant l\u2019Autoritat Catalana de Protecci\u00f3 de Dades i davant l\u2019Ag\u00e8ncia Espanyola de Protecci\u00f3 de Dades, a trav\u00e9s de la seva seu electr\u00f2nica, o de la seva adre\u00e7a postal.<\/p>\n<p>Recorda que en qualsevol moment pots sol\u00b7licitar i obtenir informaci\u00f3 de com i per a qu\u00e8 estem tractant les dades.<\/p>\n<p>L\u2019APFCIB es compromet a mantenir el secret i la confidencialitat de totes les dades personals de conformitat amb la legislaci\u00f3 aplicable; aix\u00ed mateix, es compromet a donar un tractament segur a les transfer\u00e8ncies que, en certes ocasions, puguin produir-se.<\/p>\n<p>L\u2019APFCIB adopta totes les mesures t\u00e8cniques i organitzatives que es consideren necess\u00e0ries per a evitar la p\u00e8rdua, \u00fas indegut, alteraci\u00f3, acc\u00e9s no autoritzat i robatori de les dades personals facilitades, considerant l\u2019estat de la tecnologia, la naturalesa de les dades i els riscos als quals podrien estar exposades.<\/p><\/div>\n\t\t\t\t<\/div>\n\t\t\t\t<\/div>\n\t\t\t\t\t\t<\/div>\n\t\t\t\t\t<\/div>\n\t\t<\/div>\n\t\t\t\t\t\t\t\t<\/div>\n\t\t\t\t\t<\/div>\n\t\t<\/section>\n\t\t\t\t<section class=\"elementor-section elementor-top-section elementor-element elementor-element-68df762 elementor-section-boxed elementor-section-height-default elementor-section-height-default\" data-id=\"68df762\" data-element_type=\"section\">\n\t\t\t\t\t\t<div class=\"elementor-container elementor-column-gap-default\">\n\t\t\t\t\t\t\t<div class=\"elementor-row\">\n\t\t\t\t\t<div class=\"elementor-column elementor-col-100 elementor-top-column elementor-element elementor-element-363f07f\" data-id=\"363f07f\" data-element_type=\"column\">\n\t\t\t<div class=\"elementor-column-wrap elementor-element-populated\">\n\t\t\t\t\t\t\t<div class=\"elementor-widget-wrap\">\n\t\t\t\t\t\t<div class=\"elementor-element elementor-element-38f6a67 elementor-widget elementor-widget-spacer\" data-id=\"38f6a67\" data-element_type=\"widget\" data-widget_type=\"spacer.default\">\n\t\t\t\t<div class=\"elementor-widget-container\">\n\t\t\t\t\t<div class=\"elementor-spacer\">\n\t\t\t<div class=\"elementor-spacer-inner\"><\/div>\n\t\t<\/div>\n\t\t\t\t<\/div>\n\t\t\t\t<\/div>\n\t\t\t\t\t\t<\/div>\n\t\t\t\t\t<\/div>\n\t\t<\/div>\n\t\t\t\t\t\t\t\t<\/div>\n\t\t\t\t\t<\/div>\n\t\t<\/section>\n\t\t\t\t\t\t<\/div>\n\t\t\t\t\t\t<\/div>\n\t\t\t\t\t<\/div>\n\t\t","protected":false},"excerpt":{"rendered":"<p>Pol\u00edtica de Privacitat i Protecci\u00f3 de Dades. La present pol\u00edtica de protecci\u00f3 de dades de car\u00e0cter personal regula el tractament de dades que realitza l\u2019Associaci\u00f3 de Planificaci\u00f3 Familiar de Catalunya i Balears (d\u2019ara endavant APFCIB). L\u2019APFCIB observa estrictament la legislaci\u00f3 actual en mat\u00e8ria de protecci\u00f3 de dades i, en especial, el Regalment (UE) 2016\/676 del [&hellip;]<\/p>\n","protected":false},"author":1,"featured_media":0,"parent":0,"menu_order":0,"comment_status":"closed","ping_status":"open","template":"elementor_header_footer","meta":[],"_links":{"self":[{"href":"https:\/\/drets-sexuals-i-reproductius.lassociacio.org\/informe2020\/wp-json\/wp\/v2\/pages\/3"}],"collection":[{"href":"https:\/\/drets-sexuals-i-reproductius.lassociacio.org\/informe2020\/wp-json\/wp\/v2\/pages"}],"about":[{"href":"https:\/\/drets-sexuals-i-reproductius.lassociacio.org\/informe2020\/wp-json\/wp\/v2\/types\/page"}],"author":[{"embeddable":true,"href":"https:\/\/drets-sexuals-i-reproductius.lassociacio.org\/informe2020\/wp-json\/wp\/v2\/users\/1"}],"replies":[{"embeddable":true,"href":"https:\/\/drets-sexuals-i-reproductius.lassociacio.org\/informe2020\/wp-json\/wp\/v2\/comments?post=3"}],"version-history":[{"count":6,"href":"https:\/\/drets-sexuals-i-reproductius.lassociacio.org\/informe2020\/wp-json\/wp\/v2\/pages\/3\/revisions"}],"predecessor-version":[{"id":73,"href":"https:\/\/drets-sexuals-i-reproductius.lassociacio.org\/informe2020\/wp-json\/wp\/v2\/pages\/3\/revisions\/73"}],"wp:attachment":[{"href":"https:\/\/drets-sexuals-i-reproductius.lassociacio.org\/informe2020\/wp-json\/wp\/v2\/media?parent=3"}],"curies":[{"name":"wp","href":"https:\/\/api.w.org\/{rel}","templated":true}]}}

Política de privacidad

<div data-elementor-type="wp-page" data-elementor-id="3" class="elementor elementor-3" data-elementor-settings="[]">
						<div class="elementor-inner">
							<div class="elementor-section-wrap">
							<section class="elementor-section elementor-top-section elementor-element elementor-element-191e81f6 elementor-section-boxed elementor-section-height-default elementor-section-height-default" data-id="191e81f6" data-element_type="section">
						<div class="elementor-container elementor-column-gap-default">
							<div class="elementor-row">
					<div class="elementor-column elementor-col-100 elementor-top-column elementor-element elementor-element-675dd774" data-id="675dd774" data-element_type="column">
			<div class="elementor-column-wrap elementor-element-populated">
							<div class="elementor-widget-wrap">
						<div class="elementor-element elementor-element-b43d6d4 elementor-widget elementor-widget-spacer" data-id="b43d6d4" data-element_type="widget" data-widget_type="spacer.default">
				<div class="elementor-widget-container">
					<div class="elementor-spacer">
			<div class="elementor-spacer-inner"></div>
		</div>
				</div>
				</div>
				<div class="elementor-element elementor-element-6d257271 elementor-widget elementor-widget-text-editor" data-id="6d257271" data-element_type="widget" data-widget_type="text-editor.default">
				<div class="elementor-widget-container">
					<div class="elementor-text-editor elementor-clearfix"><h1>Política de Privacitat i Protecció de Dades.</h1>
<p><br></p><p>La present política de protecció de dades de caràcter personal regula el tractament de dades que realitza l’Associació de Planificació Familiar de Catalunya i Balears (d’ara endavant APFCIB).</p>
<p>L’APFCIB observa estrictament la legislació actual en matèria de protecció de dades i, en especial, el Regalment (UE) 2016/676 del Parlament Europeu i del Consell, de 27 d’abril de 2016, relatiu a la protecció de les persones físiques en relació al tractament de dades de caràcter personal i a la lliure circulació d’aquestes.</p>
<h2>1. Identitat de la responsable del tractament</h2>
<p>La Responsable del tractament de les dades personals recollides és la pròpia APFCIB, les dades de la qual són:</p>
<p><strong>ASSOCIACIÓ DE PLANIFICACIÓ FAMILIAR DE CATALUNYA I BALEARS</strong></p>
<p>NIF. G08914475</p>
<p>Pere Vergés, 1, planta 10, despatx 1</p>
<p>08020 Barcelona</p>
<h2>2. Identitat del delegat de Protecció de Dades (DPO)</h2>
<p>El Delegat de protecció de dades (DPO) és el responsable que vetlla pel compliment diligent de la normativa de protecció de dades de caràcter personal. Pots contactar amb el DPO de l’APFCIB dirigint-te per escrit a l’adreça de correu&nbsp;<a href="mailto:dpo.cliente@conversia.es">dpo.cliente@conversia.es</a>&nbsp;o al teléfono 902877192.</p>
<h2>3. Finalitat del tractament de dades</h2>
<p>Les dades que ens subministres per diferents mitjans (registre de formacions, ponències, atenció, formularis de contacte, newsletter, etc.) són recollides d’acord amb allò establert en la normativa vigent de protecció de dades de caràcter personal i incorporades a un fitxer sota la responsabilitat de l’APFCIB amb la finalitat de poder atendre els compromisos generats per la relació contractual que s’estableixi i dins el marc legítim de la mateixa.</p>
<p>En cada situació informem de la finalitat del tractament de les dades, així com d’una descripció general de les mesures tècniques i organitzatives de seguretat i dels terminis previstos per a la supressió de les diferents categories de dades, sempre que sigui possible. A més, l’APFCIB es compromet a tractar les dades de manera lícita, lleial, transparent, adequada, pertinent, limitada, exacta i actualitzada, adoptant totes les mesures raonables per tal que es suprimeixin o rectifiquin sense dilació quan siguin inexactes</p>
<p>Ens subministres les dades de forma voluntària en tot moment, essent la base jurídica el teu consentiment exprés, i per tant garanteixes que les dades personals facilitades son veraces, reservant-nos el dret a excloure dels serveis a tota persona que hagi facilitat dades falses, sense prejudici de la resta d’accions que procedeixin en Dret.</p>
<p>En cap cas es duran a terme decisions automatitzades a partir de les seves dades.</p>
<p>Únicament es tractaran les dades que ens hagi donat per a la finalitat informada i autoritzada. No es farà cessió de les seves dades a tercers, a excepció que ens ho hagis autoritzat expressament durant la recollida de dades.</p>
<h2>4. Tractament de les seves dades per a tercers</h2>
<p>Per a dur a terme les activitats i serveis de l’APFCIB fem ús de serveis (enviament de comunicacions, newsletter, etc.) que es troben allotjades en plataformes tecnològiques d’empreses dedicades a aquesta finalitat. Aquesta gestió de les dades es realitza únicament i exclusiva per a garantir la realització, seguretat i disponibilitat dels serveis que li oferim, garantint que aquestes empreses tecnològiques aplicaran les mesures i millores pràctiques de seguretat de la informació.</p>
<p>Tots els nostres proveïdors de serveis es troben dins de l’espai econòmic europeu o en països que garanteixen el nivell de compliment exigit per la legislació.</p>
<p>No es transferiran les dades personals fora de l’espai econòmic europeu ni de països que no tinguin un nivell de compliment similar o sense disposar de la seva autorització expressa prèvia.</p>
<p>En cas de ser estrictament necessari, es poden informar les dades a bancs i caixes, administracions públiques i a totes aquelles entitats amb les que calgui la comunicació amb la finalitat de complir amb la legislació vigent o per donar compliment de les obligacions legals i fiscals. De tot això es dona la deguda informació a cada situació.</p>
<h2>5. Els teus drets</h2>
<p>Pot exercitar els teus drets d’accés, rectificació, limitació de tractament, supressió, portabilitat i oposició, dirigint la teva petició a l’adreça postal ASSOCIACIÓ DE PLANIFICACIÓ FAMILIAR DE CATALUNYA I BALEARS, Pere Vergés, 1, 10-1, 08020 Barcelona o bé mitjançant el correu electrònic&nbsp;<a href="mailto:administracio@lassociacio.org">administracio@lassociacio.org</a></p>
<p>Així mateix, si consideres que el tractament de les teves dades personals vulnera la normativa o els teus drets de privacitat, pots presentar una reclamació davant l’Autoritat Catalana de Protecció de Dades i davant l’Agència Espanyola de Protecció de Dades, a través de la seva seu electrònica, o de la seva adreça postal.</p>
<p>Recorda que en qualsevol moment pots sol·licitar i obtenir informació de com i per a què estem tractant les dades.</p>
<p>L’APFCIB es compromet a mantenir el secret i la confidencialitat de totes les dades personals de conformitat amb la legislació aplicable; així mateix, es compromet a donar un tractament segur a les transferències que, en certes ocasions, puguin produir-se.</p>
<p>L’APFCIB adopta totes les mesures tècniques i organitzatives que es consideren necessàries per a evitar la pèrdua, ús indegut, alteració, accés no autoritzat i robatori de les dades personals facilitades, considerant l’estat de la tecnologia, la naturalesa de les dades i els riscos als quals podrien estar exposades.</p></div>
				</div>
				</div>
						</div>
					</div>
		</div>
								</div>
					</div>
		</section>
				<section class="elementor-section elementor-top-section elementor-element elementor-element-68df762 elementor-section-boxed elementor-section-height-default elementor-section-height-default" data-id="68df762" data-element_type="section">
						<div class="elementor-container elementor-column-gap-default">
							<div class="elementor-row">
					<div class="elementor-column elementor-col-100 elementor-top-column elementor-element elementor-element-363f07f" data-id="363f07f" data-element_type="column">
			<div class="elementor-column-wrap elementor-element-populated">
							<div class="elementor-widget-wrap">
						<div class="elementor-element elementor-element-38f6a67 elementor-widget elementor-widget-spacer" data-id="38f6a67" data-element_type="widget" data-widget_type="spacer.default">
				<div class="elementor-widget-container">
					<div class="elementor-spacer">
			<div class="elementor-spacer-inner"></div>
		</div>
				</div>
				</div>
						</div>
					</div>
		</div>
								</div>
					</div>
		</section>
						</div>
						</div>
					</div>

<p>Política de Privacitat i Protecció de Dades. La present política de protecció de dades de caràcter personal regula el tractament de dades que realitza l’Associació de Planificació Familiar de Catalunya i Balears (d’ara endavant APFCIB). L’APFCIB observa estrictament la legislació actual en matèria de protecció de dades i, en especial, el Regalment (UE) 2016/676 del [&hellip;]</p>
