{"id":171,"date":"2020-12-06T17:30:11","date_gmt":"2020-12-06T17:30:11","guid":{"rendered":"https:\/\/drets-sexuals-i-reproductius.lassociacio.org\/informe2020\/?page_id=171"},"modified":"2020-12-06T17:31:58","modified_gmt":"2020-12-06T17:31:58","slug":"epileg","status":"publish","type":"page","link":"https:\/\/drets-sexuals-i-reproductius.lassociacio.org\/informe2020\/epileg\/","title":{"rendered":"Ep\u00edleg"},"content":{"rendered":"\t\t<div data-elementor-type=\"wp-page\" data-elementor-id=\"171\" class=\"elementor elementor-171\" data-elementor-settings=\"[]\">\n\t\t\t\t\t\t<div class=\"elementor-inner\">\n\t\t\t\t\t\t\t<div class=\"elementor-section-wrap\">\n\t\t\t\t\t\t\t<section class=\"elementor-section elementor-top-section elementor-element elementor-element-19e92064 elementor-section-full_width elementor-section-height-min-height elementor-section-items-stretch elementor-section-height-default\" data-id=\"19e92064\" data-element_type=\"section\">\n\t\t\t\t\t\t<div class=\"elementor-container elementor-column-gap-default\">\n\t\t\t\t\t\t\t<div class=\"elementor-row\">\n\t\t\t\t\t<div class=\"elementor-column elementor-col-100 elementor-top-column elementor-element elementor-element-2ee458d4\" data-id=\"2ee458d4\" data-element_type=\"column\">\n\t\t\t<div class=\"elementor-column-wrap elementor-element-populated\">\n\t\t\t\t\t\t\t<div class=\"elementor-widget-wrap\">\n\t\t\t\t\t\t<div class=\"elementor-element elementor-element-9bad041 elementor-widget elementor-widget-spacer\" data-id=\"9bad041\" data-element_type=\"widget\" data-widget_type=\"spacer.default\">\n\t\t\t\t<div class=\"elementor-widget-container\">\n\t\t\t\t\t<div class=\"elementor-spacer\">\n\t\t\t<div class=\"elementor-spacer-inner\"><\/div>\n\t\t<\/div>\n\t\t\t\t<\/div>\n\t\t\t\t<\/div>\n\t\t\t\t<div class=\"elementor-element elementor-element-cc1c8fb elementor-widget elementor-widget-heading\" data-id=\"cc1c8fb\" data-element_type=\"widget\" data-widget_type=\"heading.default\">\n\t\t\t\t<div class=\"elementor-widget-container\">\n\t\t\t<h2 class=\"elementor-heading-title elementor-size-default\">Ep\u00edleg<\/h2>\t\t<\/div>\n\t\t\t\t<\/div>\n\t\t\t\t<div class=\"elementor-element elementor-element-7b0cf773 elementor-widget elementor-widget-text-editor\" data-id=\"7b0cf773\" data-element_type=\"widget\" data-widget_type=\"text-editor.default\">\n\t\t\t\t<div class=\"elementor-widget-container\">\n\t\t\t\t\t<div class=\"elementor-text-editor elementor-clearfix\"><p><br><\/p><p>Nou mesos sobrevivint i resistint a una situaci\u00f3 que ha trastocat les nostres vides, les nostres relacions, la nostra quotidianitat. Per\u00f2, <strong>el dia abans de les mesures de confinament i de restricci\u00f3 de moviments ja no est\u00e0vem b\u00e9. Anys de crisis superposades s\u2019acarnissaven de manera cruenta amb els cossos de les m\u00e9s vulnerabilitzades, les oblidades del sistema, les que no s\u00f3n reconegudes, les que el sistema no els parla, i molt menys escolta, encara que criden ben fort.<\/strong> Amb les que s\u00f3n violentades i malgrat tot resisteixen, sobreviuen, lluiten i gaudeixen des les seves xarxes de suport mutu, des del que \u00e9s comunitari, col\u00b7lectiu, des del ve\u00efnatge. Amb les que saben millor que ning\u00fa que la crisi de la COVID-19 ha colpejat, i colpeja, amb molta m\u00e9s for\u00e7a a les seves portes que a les portes dels rics. Amb les que se\u2019ls hi escapava un somriure fastiguejat en escoltar di\u00e0riament que la COVID-19 ens fa a tots iguals. Amb les que escolten als televisors que han estat i segueixen essent essencials durant la pand\u00e8mia i, a la vegada, <strong>se\u2019ls nega el dret a la ciutadania, a la sanitat universal o als drets laborals.<\/strong> Amb les que l\u2019autodenominat \u201cgovern m\u00e9s progressista i feminista de la hist\u00f2ria\u201d, ni enmig d\u2019aquesta crisi, les ha reconegut com a subjectes pol\u00edtics. Amb les que no se\u2019ls ha tornat el dret a la salut, ni a la targeta sanit\u00e0ria robada per un sistema austericida. Amb les que es desperten cada mat\u00ed amb la Llei d\u2019Estrangeria a sobre. Amb aquelles que, durant el confinament, no han tingut temps ni de fer ioga, ni de cuinar pastissos, ni de fer pa, perqu\u00e8 s\u2019han vist obligades a sortir a treballar en la precarietat m\u00e9s salvatge per poder sobreviure, elles i els seus. Amb les que no se\u2019ls garantia el dret a l\u2019avortament abans, i molt menys ara; a les que pateixen racisme institucional quan s\u2019acosten a un centre sanitari a demanar informaci\u00f3.<\/p>\n<p>Durant aquests mesos, <strong>L\u2019Observatori hem seguit treballant.<\/strong> Hem donat suport a dones obligades a despla\u00e7ar-se centenars de quil\u00f2metres per poder realitzar una IVE, amb la por del contagi, saltant-se les mesures de confinament. <strong>Hem estat testimonis de com s\u2019incrementava la viol\u00e8ncia institucional exercida per l\u2019Estat de manera directa en no categoritzar com a essencials els Drets Sexuals i Reproductius de les dones, les nenes i persones LGTBIQ+ en el primer paquet de mesures per donar resposta a la crisi.<\/strong> Hem vist com en el Centre Jove d\u2019Atenci\u00f3 a les Sexualitats (CJAS) la demanda per a la Interrupci\u00f3 Volunt\u00e0ria de l\u2019Embar\u00e0s (IVE) s\u2019incrementava en un 66% respecte a l\u2019any anterior. Hem estat testimonis de com les restriccions de moviment acompanyades de mesures punitives i sancionadores <strong>afectaven de manera desproporcionada a aquells col\u00b7lectius m\u00e9s vulnerabilizats i estigmatitzats, com s\u00f3n les persones transg\u00e8neres, les persones vivint amb VIH i les treballadores sexuals.<\/strong> Hem acompanyat les persones que han denunciat a L\u2019Observatori i les usu\u00e0ries que s\u2019han acostat a nosaltres. Hem treballat, enmig de tota aquesta quimera, per seguir garantint els Drets Sexuals i Reproductius. Hem escrit manifestos, hem fet incid\u00e8ncia pol\u00edtica, de vegades soles, de vegades amb altres. Alguns governs ens han escoltat, altres ni ens han llegit. <strong>El que m\u00e9s ens preocupa \u00e9s, tanmateix, tot all\u00f2 que el confinament ha fet invisible.<\/strong> Hem vist com s\u2019ha invisibilitzat la poblaci\u00f3 jove i adolescent durant els mesos de confinament per passar a criminalitzar-la i culpar-la des del primer moment de la desescalada.<\/p>\n<p>El que aqu\u00ed presentem \u00e9s una <strong>mostra breu del que han viscut persones a les quals se\u2019ls han vulnerat els Drets Sexuals i Reproductius durant aquests mesos de pand\u00e8mia, per\u00f2 que \u2014aix\u00ed i tot\u2014 han resistit i han decidit denunciar-ho per fer-ho visible en aquest informe.<\/strong><\/p><\/div>\n\t\t\t\t<\/div>\n\t\t\t\t<\/div>\n\t\t\t\t<div class=\"elementor-element elementor-element-7a3fe83 elementor-widget elementor-widget-spacer\" data-id=\"7a3fe83\" data-element_type=\"widget\" data-widget_type=\"spacer.default\">\n\t\t\t\t<div class=\"elementor-widget-container\">\n\t\t\t\t\t<div class=\"elementor-spacer\">\n\t\t\t<div class=\"elementor-spacer-inner\"><\/div>\n\t\t<\/div>\n\t\t\t\t<\/div>\n\t\t\t\t<\/div>\n\t\t\t\t\t\t<\/div>\n\t\t\t\t\t<\/div>\n\t\t<\/div>\n\t\t\t\t\t\t\t\t<\/div>\n\t\t\t\t\t<\/div>\n\t\t<\/section>\n\t\t\t\t\t\t<\/div>\n\t\t\t\t\t\t<\/div>\n\t\t\t\t\t<\/div>\n\t\t","protected":false},"excerpt":{"rendered":"<p>Ep\u00edleg Nou mesos sobrevivint i resistint a una situaci\u00f3 que ha trastocat les nostres vides, les nostres relacions, la nostra quotidianitat. Per\u00f2, el dia abans de les mesures de confinament i de restricci\u00f3 de moviments ja no est\u00e0vem b\u00e9. Anys de crisis superposades s\u2019acarnissaven de manera cruenta amb els cossos de les m\u00e9s vulnerabilitzades, les [&hellip;]<\/p>\n","protected":false},"author":2,"featured_media":0,"parent":0,"menu_order":0,"comment_status":"closed","ping_status":"closed","template":"elementor_header_footer","meta":[],"_links":{"self":[{"href":"https:\/\/drets-sexuals-i-reproductius.lassociacio.org\/informe2020\/wp-json\/wp\/v2\/pages\/171"}],"collection":[{"href":"https:\/\/drets-sexuals-i-reproductius.lassociacio.org\/informe2020\/wp-json\/wp\/v2\/pages"}],"about":[{"href":"https:\/\/drets-sexuals-i-reproductius.lassociacio.org\/informe2020\/wp-json\/wp\/v2\/types\/page"}],"author":[{"embeddable":true,"href":"https:\/\/drets-sexuals-i-reproductius.lassociacio.org\/informe2020\/wp-json\/wp\/v2\/users\/2"}],"replies":[{"embeddable":true,"href":"https:\/\/drets-sexuals-i-reproductius.lassociacio.org\/informe2020\/wp-json\/wp\/v2\/comments?post=171"}],"version-history":[{"count":4,"href":"https:\/\/drets-sexuals-i-reproductius.lassociacio.org\/informe2020\/wp-json\/wp\/v2\/pages\/171\/revisions"}],"predecessor-version":[{"id":177,"href":"https:\/\/drets-sexuals-i-reproductius.lassociacio.org\/informe2020\/wp-json\/wp\/v2\/pages\/171\/revisions\/177"}],"wp:attachment":[{"href":"https:\/\/drets-sexuals-i-reproductius.lassociacio.org\/informe2020\/wp-json\/wp\/v2\/media?parent=171"}],"curies":[{"name":"wp","href":"https:\/\/api.w.org\/{rel}","templated":true}]}}

Epíleg

<div data-elementor-type="wp-page" data-elementor-id="171" class="elementor elementor-171" data-elementor-settings="[]">
						<div class="elementor-inner">
							<div class="elementor-section-wrap">
							<section class="elementor-section elementor-top-section elementor-element elementor-element-19e92064 elementor-section-full_width elementor-section-height-min-height elementor-section-items-stretch elementor-section-height-default" data-id="19e92064" data-element_type="section">
						<div class="elementor-container elementor-column-gap-default">
							<div class="elementor-row">
					<div class="elementor-column elementor-col-100 elementor-top-column elementor-element elementor-element-2ee458d4" data-id="2ee458d4" data-element_type="column">
			<div class="elementor-column-wrap elementor-element-populated">
							<div class="elementor-widget-wrap">
						<div class="elementor-element elementor-element-9bad041 elementor-widget elementor-widget-spacer" data-id="9bad041" data-element_type="widget" data-widget_type="spacer.default">
				<div class="elementor-widget-container">
					<div class="elementor-spacer">
			<div class="elementor-spacer-inner"></div>
		</div>
				</div>
				</div>
				<div class="elementor-element elementor-element-cc1c8fb elementor-widget elementor-widget-heading" data-id="cc1c8fb" data-element_type="widget" data-widget_type="heading.default">
				<div class="elementor-widget-container">
			<h2 class="elementor-heading-title elementor-size-default">Epíleg</h2>		</div>
				</div>
				<div class="elementor-element elementor-element-7b0cf773 elementor-widget elementor-widget-text-editor" data-id="7b0cf773" data-element_type="widget" data-widget_type="text-editor.default">
				<div class="elementor-widget-container">
					<div class="elementor-text-editor elementor-clearfix"><p><br></p><p>Nou mesos sobrevivint i resistint a una situació que ha trastocat les nostres vides, les nostres relacions, la nostra quotidianitat. Però, <strong>el dia abans de les mesures de confinament i de restricció de moviments ja no estàvem bé. Anys de crisis superposades s’acarnissaven de manera cruenta amb els cossos de les més vulnerabilitzades, les oblidades del sistema, les que no són reconegudes, les que el sistema no els parla, i molt menys escolta, encara que criden ben fort.</strong> Amb les que són violentades i malgrat tot resisteixen, sobreviuen, lluiten i gaudeixen des les seves xarxes de suport mutu, des del que és comunitari, col·lectiu, des del veïnatge. Amb les que saben millor que ningú que la crisi de la COVID-19 ha colpejat, i colpeja, amb molta més força a les seves portes que a les portes dels rics. Amb les que se’ls hi escapava un somriure fastiguejat en escoltar diàriament que la COVID-19 ens fa a tots iguals. Amb les que escolten als televisors que han estat i segueixen essent essencials durant la pandèmia i, a la vegada, <strong>se’ls nega el dret a la ciutadania, a la sanitat universal o als drets laborals.</strong> Amb les que l’autodenominat “govern més progressista i feminista de la història”, ni enmig d’aquesta crisi, les ha reconegut com a subjectes polítics. Amb les que no se’ls ha tornat el dret a la salut, ni a la targeta sanitària robada per un sistema austericida. Amb les que es desperten cada matí amb la Llei d’Estrangeria a sobre. Amb aquelles que, durant el confinament, no han tingut temps ni de fer ioga, ni de cuinar pastissos, ni de fer pa, perquè s’han vist obligades a sortir a treballar en la precarietat més salvatge per poder sobreviure, elles i els seus. Amb les que no se’ls garantia el dret a l’avortament abans, i molt menys ara; a les que pateixen racisme institucional quan s’acosten a un centre sanitari a demanar informació.</p>
<p>Durant aquests mesos, <strong>L’Observatori hem seguit treballant.</strong> Hem donat suport a dones obligades a desplaçar-se centenars de quilòmetres per poder realitzar una IVE, amb la por del contagi, saltant-se les mesures de confinament. <strong>Hem estat testimonis de com s’incrementava la violència institucional exercida per l’Estat de manera directa en no categoritzar com a essencials els Drets Sexuals i Reproductius de les dones, les nenes i persones LGTBIQ+ en el primer paquet de mesures per donar resposta a la crisi.</strong> Hem vist com en el Centre Jove d’Atenció a les Sexualitats (CJAS) la demanda per a la Interrupció Voluntària de l’Embaràs (IVE) s’incrementava en un 66% respecte a l’any anterior. Hem estat testimonis de com les restriccions de moviment acompanyades de mesures punitives i sancionadores <strong>afectaven de manera desproporcionada a aquells col·lectius més vulnerabilizats i estigmatitzats, com són les persones transgèneres, les persones vivint amb VIH i les treballadores sexuals.</strong> Hem acompanyat les persones que han denunciat a L’Observatori i les usuàries que s’han acostat a nosaltres. Hem treballat, enmig de tota aquesta quimera, per seguir garantint els Drets Sexuals i Reproductius. Hem escrit manifestos, hem fet incidència política, de vegades soles, de vegades amb altres. Alguns governs ens han escoltat, altres ni ens han llegit. <strong>El que més ens preocupa és, tanmateix, tot allò que el confinament ha fet invisible.</strong> Hem vist com s’ha invisibilitzat la població jove i adolescent durant els mesos de confinament per passar a criminalitzar-la i culpar-la des del primer moment de la desescalada.</p>
<p>El que aquí presentem és una <strong>mostra breu del que han viscut persones a les quals se’ls han vulnerat els Drets Sexuals i Reproductius durant aquests mesos de pandèmia, però que —així i tot— han resistit i han decidit denunciar-ho per fer-ho visible en aquest informe.</strong></p></div>
				</div>
				</div>
				<div class="elementor-element elementor-element-7a3fe83 elementor-widget elementor-widget-spacer" data-id="7a3fe83" data-element_type="widget" data-widget_type="spacer.default">
				<div class="elementor-widget-container">
					<div class="elementor-spacer">
			<div class="elementor-spacer-inner"></div>
		</div>
				</div>
				</div>
						</div>
					</div>
		</div>
								</div>
					</div>
		</section>
						</div>
						</div>
					</div>

<p>Epíleg Nou mesos sobrevivint i resistint a una situació que ha trastocat les nostres vides, les nostres relacions, la nostra quotidianitat. Però, el dia abans de les mesures de confinament i de restricció de moviments ja no estàvem bé. Anys de crisis superposades s’acarnissaven de manera cruenta amb els cossos de les més vulnerabilitzades, les [&hellip;]</p>
